e a(-6). Let q = 14 - u. Suppose -3*i = 4*l - 67, -68 = -4*l - q*i - i. What is the units digit of l?
6
What is the units digit of -311*(-2 - (-1)/(-6)*6)?
3
Suppose -884*x + 876*x + 12792 = 0. What is the units digit of x?
9
Let r(m) = -166*m**3 - 3*m - 3. What is the units digit of r(-1)?
6
Suppose -5*i - 9 = -8*i, -4*i = 5*g + 3. What is the units digit of (4/12*g)/((-1)/83)?
3
Let m = 22 + 0. Let k = -8 + m. Suppose -p + 5 + k = 0. What is the tens digit of p?
1
Let u(y) = -7*y - 1. Let t be u(-1). Let w(s) = 2*s**3 - 9*s**2 + 10*s - 6. Let j be w(t). Suppose 8 + j = 5*n. What is the units digit of n?
4
Let g(j) = j**2. Let t be g(-2). Suppose 44 = t*d - 5*r, -3*d - 38 = -8*d + 2*r. Let s(c) = c**3 - 5*c**2 + 5*c - 3. What is the units digit of s(d)?
3
Let o be 4/(-26) - (-1100)/52. Let j = 61 - o. What is the units digit of j?
0
Suppose -2 = -3*z + 10. Suppose -2*u - 4*d - 1 = -3, -z*u = 5*d - 19. What is the tens digit of u?
1
Let u be (132/15)/((-2)/(-5)). Suppose u + 0 = 2*r - 4*s, -3*r + 13 = -s. Suppose -90 - 15 = -r*o. What is the tens digit of o?
3
Let p = -2 - 8. Let a(b) = -b + 2. Let h be a(p). Suppose 0 = -2*t + 3*o - h + 29, -4*o = -5*t + 25. What is the units digit of t?
1
Suppose -3*q + 3*c = -3482 - 4687, 3*c - 8139 = -3*q. What is the units digit of q?
8
Suppose -c + 2 = -0*c + h, -c + 4*h + 22 = 0. Let m(o) = o**3 - 5*o**2 + 8*o - 2. What is the units digit of m(c)?
2
Let s(c) be the first derivative of 4*c**3/3 + 3*c**2 - 10*c + 8. What is the units digit of s(4)?
8
Let l(b) = b - 9. Let s be l(8). Let y be s + 0 - -3 - 0. Suppose q - y = 21. What is the tens digit of q?
2
Let m(k) = k**3 - 32*k**2 + 57*k - 27. What is the hundreds digit of m(31)?
7
Let w = 524 - 115. What is the units digit of w?
9
What is the tens digit of (-222)/4*(-748)/102?
0
Let s(y) = -37*y - 3. Let z = -25 - -32. Let a(i) = 18*i + 1. Let n(q) = z*a(q) + 3*s(q). What is the tens digit of n(4)?
5
Suppose -5*v + 234 = 3*w, -3*w + 2*v + 204 = -3*v. Suppose 5*n = -g + 340, 2*n - w = g + 70. What is the units digit of n?
9
Let d = 209 - 140. What is the units digit of d?
9
Let f(y) = -662*y - 3. What is the tens digit of f(-1)?
5
Let p(f) = f**3 + 87. Let b be p(0). Let o be ((-5)/(-5))/(1/(-61)). Let q = b + o. What is the tens digit of q?
2
Let x(r) be the second derivative of 6*r + 0 - 3*r**2 - 4/3*r**3. What is the tens digit of x(-3)?
1
Let h(u) = u**2 - 13*u + 44. What is the units digit of h(15)?
4
Suppose 0 = 7*s - 7921 - 507. What is the hundreds digit of s?
2
Suppose 30*u + 1224 = 36*u. What is the tens digit of u?
0
Let k(r) = -5*r + 323. What is the hundreds digit of k(6)?
2
Let l be 3/(2/(137 - -3)). Suppose -3*c + l = 2*c + t, 3*c + t - 124 = 0. What is the tens digit of c?
4
Suppose -3*k - 1762 = -l - 4*k, -3*k - 8818 = -5*l. What is the thousands digit of l?
1
Let v = -3126 - -4499. What is the tens digit of v?
7
Suppose -2*i - 3 = -g - 4*i, 3*i = -3*g + 12. Suppose g*z - 36 = -t, 2*z + z - 9 = 0. What is the units digit of 26*(t/(-6) - -4)?
3
Let y = 2 - -4. Let l = 6 - -7. Let d = y + l. What is the units digit of d?
9
Let v(n) = -n**3 + 7*n**2 - 6*n + 1. Let h be v(6). Let p be h*(-4)/12*-9. Suppose -62 = -2*j - 4*d, 43 = p*j - 3*d - 23. What is the units digit of j?
5
Suppose g - 50 = 27. What is the units digit of g?
7
Let v(z) = 10*z**2 - 16*z - 22. What is the thousands digit of v(-10)?
1
Let s(l) = 2*l**3 - 4*l**2 + 2. Let c be -1*4*(-15)/20. Let j be s(c). Suppose 53 - 5 = 4*f - 4*k, 2*f + 2*k - j = 0. What is the units digit of f?
1
Let o = -6 + 11. Let g be 0/((-5)/((-10)/4)). Suppose g = o*z - 42 - 83. What is the tens digit of z?
2
Let i(c) = 34*c**2 - c - 2. Let b be i(-1). Let o = b - 20. Suppose 5*v - y - 35 = 0, 0*v - 5*y - o = 2*v. What is the units digit of v?
6
What is the hundreds digit of 5147/3 + (-10)/15 - 1?
7
Suppose 7*g - 81 = -v + 4*g, 0 = 4*v - 5*g - 341. Let p = v + -124. What is the units digit of ((-6)/8)/(2/p)?
5
Let g(h) = -h**3 + 9*h**2 + h - 14. Suppose -13 = -2*l - 5*a + 16, 2*a = 3*l - 15. What is the tens digit of g(l)?
9
What is the tens digit of 2240/784*2674/4?
1
Let d(b) = -2*b**2 + 30*b - 13. Let y(m) = m**2 - 15*m + 6. Let r(c) = 6*d(c) + 11*y(c). Suppose 3*k - 8*k = -50. What is the tens digit of r(k)?
3
Let z(t) = 3*t**3 + 4*t**2 - 2*t - 4. Let j(o) = -13*o**3 - 17*o**2 + 8*o + 15. Let l(k) = -2*j(k) - 9*z(k). What is the tens digit of l(-5)?
7
Let l = 24 + -14. Let h(b) = b**3 - 9*b**2 - 9*b - 1. Let r be h(l). What is the units digit of 24/r*(-15)/(-10)?
4
Let h be 3 + 1 - (-2 - -2). Suppose -h*w = -w - 48. Let x = 17 + w. What is the tens digit of x?
3
Let q = 165 + -52. Suppose -5*c = -m + 47, -5*m + 4*c = -38 - q. What is the units digit of m?
7
Let q(w) = -3*w**2 + w - 14. Let l(f) = -2*f**2 + f - 14. Let t(z) = 4*l(z) - 3*q(z). What is the tens digit of t(8)?
5
Let x = -126 - -181. What is the units digit of x?
5
Let s(z) = -z**3 - 6*z**2 + 8*z - 9. Let r(w) = w + 6. Let p be r(-14). What is the tens digit of s(p)?
5
Suppose 5*b - 19 - 11 = 0. Let g = b + 57. What is the units digit of g?
3
Suppose 551 = 6*m - 895. Suppose -h + 93 = -5*c, 4*h - m - 35 = -4*c. What is the tens digit of h?
7
Suppose -2*r - 3*r + 125 = 0. Suppose 5*x + 65 - r = 0. What is the tens digit of ((-76)/x)/(1/4)?
3
What is the units digit of 8243/11 + -12 + (-128)/(-11)?
9
Suppose 5*d = -z - 29, d + 23 = -2*d + 5*z. What is the units digit of (-2)/(d/87) + -1?
8
Let o(j) = 2*j**2 - 4*j + 12. Let g be o(10). Let q = g - 109. What is the units digit of 2/9 - (-427)/q?
7
Let f(x) = 3*x**3 - 23*x**2 + 19*x + 7. Let s(v) = v**3 - 11*v**2 + 10*v + 3. Let h(b) = 2*f(b) - 5*s(b). What is the hundreds digit of h(-8)?
1
Let q be (-9)/(-3) - (1 - 22). Suppose d + 2*d - q = 0. What is the units digit of d?
8
Suppose 0 = w - g + 5 - 3, 0 = -4*w + g + 4. Suppose 0 = w*m - 57 - 167. What is the tens digit of m?
1
Suppose -37*a + 2*s + 7911 = -32*a, -5*s = a - 1593. What is the hundreds digit of a?
5
Let p(s) = -s**3 + 11*s**2 - 8*s + 5. Let n(f) = f + 18. Let w be (-2)/(-3) - 26/3. Let r be n(w). What is the tens digit of p(r)?
2
Suppose 0 = 19*v - 17*v - 530. Let q = 418 - v. What is the units digit of q?
3
Let z(p) = 22*p**3 - 4*p + 9. What is the units digit of z(3)?
1
Let h(m) = -m**3 + 5*m + 2*m**2 - 5*m**2 - 3 + 8. Suppose 5*j - 4*l - 6 = -23, 11 = -j - 3*l. What is the tens digit of h(j)?
3
Let n(b) = -b**2 + 17*b. Let r = 0 - -5. What is the tens digit of n(r)?
6
Let g be 6/(-2)*-2*545/(-30). Let w = 207 + g. What is the units digit of w?
8
Let c = -668 + 670. Suppose 5*l + 4*f = 1348, 4*l + f + 3*f - 1080 = 0. Suppose 6*y + c*r = y + l, -2*y - 5*r + 124 = 0. What is the tens digit of y?
5
What is the hundreds digit of (-7488)/(-7) + ((-210)/49)/(-15)?
0
Let i = 677 + -604. What is the units digit of i?
3
Suppose 4*o = 8*o - 268. Suppose 4*m - 28 - 201 = 3*c, m = 4*c + o. What is the units digit of (1 - 1) + m/5?
1
Let i be -3*(-118)/8 - 1/4. Suppose 3*k = 2 + 4. Suppose -i = -k*f - 0*f. What is the tens digit of f?
2
Let o = 943 - 558. What is the units digit of o?
5
Let r(p) = -p**2 - 14*p - 7. Let b(z) = -38*z - 8. Let t be b(-8). Let g be t/(-24) + 2/6. What is the units digit of r(g)?
7
Let j be 5/5 - (3 + -1 + -2). What is the tens digit of (-880)/(-33) - (-1*j)/3?
2
What is the hundreds digit of ((-2289)/9)/(-4 - 11/(-3))?
7
Let b be (-12)/(-8)*1*22. Suppose -46 = 32*q - b*q. What is the units digit of q?
6
Let z(i) = 5*i**3 - 2*i**2 - 2*i + 2. Let j be z(2). Let h = j - 28. Suppose 3*m = 12, 0*l - 2*m = h*l - 64. What is the units digit of l?
8
Suppose g = 2*g - 3. Let l = g - 1. Suppose -l*m + 33 = 7. What is the units digit of m?
3
Let g(l) = 52*l**2 + 15*l - 89. What is the tens digit of g(7)?
6
Let v = 365 + -366. Suppose -5*k + 198 = 3*u, -4*u = k - 0*k - 43. Let h = k - v. What is the units digit of h?
0
What is the tens digit of 2358/(-5)*((-855)/(-38))/(-9)?
7
Let f be 0 + 1 - ((3 - 10) + -2). Let p = f - -22. What is the units digit of p?
2
Let v be (-4)/(-22) + (-31)/(-11). Suppose -v*i - 2*i = 4*q - 49, -i + q + 17 = 0. What is the units digit of i?
3
Let i(s) be the third derivative of -2*s**4/3 - 7*s**3/2 + s**2. Let r be i(-11). Let f = r + -91. What is the tens digit of f?
6
Let h(o) = 2*o